{"id":18508,"date":"2023-10-27T20:01:57","date_gmt":"2023-10-27T18:01:57","guid":{"rendered":"https:\/\/www.volleyballkilb.at\/?page_id=18508"},"modified":"2023-10-27T20:13:38","modified_gmt":"2023-10-27T18:13:38","slug":"mitglied-werden-2","status":"publish","type":"page","link":"https:\/\/www.volleyballkilb.at\/?page_id=18508","title":{"rendered":"Mitglied werden"},"content":{"rendered":"\n<p><strong>Du hast dein Interesse an Volleyball entdeckt oder m\u00f6chtest wieder Beginnen.<\/strong><\/p>\n\n\n\n<p>Dann werde Mitglied beim VCU Raika Kilb. Wir freuen uns, neue Vereinsmitglieder begr\u00fc\u00dfen zu d\u00fcrfen. Der Vereinseintritt ist das ganze Jahr \u00fcber m\u00f6glich. So einfach gehts:<\/p>\n\n\n<style id=\"wpforms-css-vars-18497\">\n\t\t\t\t#wpforms-18497 {\n\t\t\t\t--wpforms-container-padding: 0px;\n--wpforms-container-border-width: 1px;\n--wpforms-container-border-radius: 3px;\n--wpforms-background-color: rgba(0, 0, 0, 0);\n--wpforms-field-size-input-height: 43px;\n--wpforms-field-size-input-spacing: 15px;\n--wpforms-field-size-font-size: 16px;\n--wpforms-field-size-line-height: 19px;\n--wpforms-field-size-padding-h: 14px;\n--wpforms-field-size-checkbox-size: 16px;\n--wpforms-field-size-sublabel-spacing: 5px;\n--wpforms-field-size-icon-size: 1;\n--wpforms-label-size-font-size: 16px;\n--wpforms-label-size-line-height: 19px;\n--wpforms-label-size-sublabel-font-size: 14px;\n--wpforms-label-size-sublabel-line-height: 17px;\n--wpforms-button-size-font-size: 17px;\n--wpforms-button-size-height: 41px;\n--wpforms-button-size-padding-h: 15px;\n--wpforms-button-size-margin-top: 10px;\n--wpforms-container-shadow-size-box-shadow: none;\n\t\t\t}\n\t\t\t<\/style><div class=\"wpforms-container wpforms-container-full wpforms-render-modern\" id=\"wpforms-18497\"><form id=\"wpforms-form-18497\" class=\"wpforms-validate wpforms-form wpforms-ajax-form\" data-formid=\"18497\" method=\"post\" enctype=\"multipart\/form-data\" action=\"\/index.php?rest_route=%2Fwp%2Fv2%2Fpages%2F18508\" data-token=\"58aa8b34ea42029893c0ee9a729b9b30\" data-token-time=\"1778135767\"><noscript class=\"wpforms-error-noscript\">Bitte aktiviere JavaScript in deinem Browser, um dieses Formular fertigzustellen.<\/noscript><div id=\"wpforms-error-noscript\" style=\"display: none;\">Bitte aktiviere JavaScript in deinem Browser, um dieses Formular fertigzustellen.<\/div><div class=\"wpforms-field-container\"><div id=\"wpforms-18497-field_0-container\" class=\"wpforms-field wpforms-field-name\" data-field-id=\"0\"><fieldset><legend class=\"wpforms-field-label\">Mitgliedsdaten: <span class=\"wpforms-required-label\" aria-hidden=\"true\">*<\/span><\/legend><div class=\"wpforms-field-row wpforms-field-large\"><div class=\"wpforms-field-row-block wpforms-first wpforms-one-half\"><input type=\"text\" id=\"wpforms-18497-field_0\" class=\"wpforms-field-name-first wpforms-field-required\" name=\"wpforms[fields][0][first]\" aria-errormessage=\"wpforms-18497-field_0-error\" required><label for=\"wpforms-18497-field_0\" class=\"wpforms-field-sublabel after\">Vorname<\/label><\/div><div class=\"wpforms-field-row-block wpforms-one-half\"><input type=\"text\" id=\"wpforms-18497-field_0-last\" class=\"wpforms-field-name-last wpforms-field-required\" name=\"wpforms[fields][0][last]\" aria-errormessage=\"wpforms-18497-field_0-last-error\" required><label for=\"wpforms-18497-field_0-last\" class=\"wpforms-field-sublabel after\">Nachname<\/label><\/div><\/div><\/fieldset><\/div><div id=\"wpforms-18497-field_22-container\" class=\"wpforms-field wpforms-field-text\" data-field-id=\"22\"><label class=\"wpforms-field-label\" for=\"wpforms-18497-field_22\">Geburtsdatum <span class=\"wpforms-required-label\" aria-hidden=\"true\">*<\/span><\/label><input type=\"text\" id=\"wpforms-18497-field_22\" class=\"wpforms-field-medium wpforms-field-required\" name=\"wpforms[fields][22]\" placeholder=\"MM\/DD\/YYYY\" aria-errormessage=\"wpforms-18497-field_22-error\" required><\/div><div id=\"wpforms-18497-field_7-container\" class=\"wpforms-field wpforms-field-checkbox wpforms-list-2-columns\" data-field-id=\"7\"><fieldset><legend class=\"wpforms-field-label\">Geschlecht: <span class=\"wpforms-required-label\" aria-hidden=\"true\">*<\/span><\/legend><ul id=\"wpforms-18497-field_7\" class=\"wpforms-field-required\"><li class=\"choice-1 depth-1\"><input type=\"checkbox\" id=\"wpforms-18497-field_7_1\" name=\"wpforms[fields][7][]\" value=\"weiblich\" aria-errormessage=\"wpforms-18497-field_7_1-error\" required ><label class=\"wpforms-field-label-inline\" for=\"wpforms-18497-field_7_1\">weiblich<\/label><\/li><li class=\"choice-2 depth-1\"><input type=\"checkbox\" id=\"wpforms-18497-field_7_2\" name=\"wpforms[fields][7][]\" value=\"m\u00e4nnlich\" aria-errormessage=\"wpforms-18497-field_7_2-error\" required ><label class=\"wpforms-field-label-inline\" for=\"wpforms-18497-field_7_2\">m\u00e4nnlich<\/label><\/li><\/ul><\/fieldset><\/div><div id=\"wpforms-18497-field_12-container\" class=\"wpforms-field wpforms-field-name\" data-field-id=\"12\"><fieldset><legend class=\"wpforms-field-label\">Erziehungsberechtigter\/Tr\u00e4ger der elterlichen Verantwortung:<\/legend><div class=\"wpforms-field-row wpforms-field-large\"><div class=\"wpforms-field-row-block wpforms-first wpforms-one-half\"><input type=\"text\" id=\"wpforms-18497-field_12\" class=\"wpforms-field-name-first\" name=\"wpforms[fields][12][first]\" aria-errormessage=\"wpforms-18497-field_12-error\" aria-describedby=\"wpforms-18497-field_12-description\" ><label for=\"wpforms-18497-field_12\" class=\"wpforms-field-sublabel after\">Vorname<\/label><\/div><div class=\"wpforms-field-row-block wpforms-one-half\"><input type=\"text\" id=\"wpforms-18497-field_12-last\" class=\"wpforms-field-name-last\" name=\"wpforms[fields][12][last]\" aria-errormessage=\"wpforms-18497-field_12-last-error\" aria-describedby=\"wpforms-18497-field_12-description\" ><label for=\"wpforms-18497-field_12-last\" class=\"wpforms-field-sublabel after\">Nachname<\/label><\/div><\/div><div id=\"wpforms-18497-field_12-description\" class=\"wpforms-field-description\">(nur f\u00fcr Nachwuchspieler\/in)<\/div><\/fieldset><\/div><div id=\"wpforms-18497-field_23-container\" class=\"wpforms-field wpforms-field-text\" data-field-id=\"23\"><label class=\"wpforms-field-label\" for=\"wpforms-18497-field_23\">Adresse <span class=\"wpforms-required-label\" aria-hidden=\"true\">*<\/span><\/label><input type=\"text\" id=\"wpforms-18497-field_23\" class=\"wpforms-field-medium wpforms-field-required\" name=\"wpforms[fields][23]\" aria-errormessage=\"wpforms-18497-field_23-error\" aria-describedby=\"wpforms-18497-field_23-description\" required><div id=\"wpforms-18497-field_23-description\" class=\"wpforms-field-description\">Stra\u00dfe, Hausnummer<\/div><\/div><div id=\"wpforms-18497-field_24-container\" class=\"wpforms-field wpforms-field-text\" data-field-id=\"24\"><label class=\"wpforms-field-label\" for=\"wpforms-18497-field_24\">PLZ, Ort: <span class=\"wpforms-required-label\" aria-hidden=\"true\">*<\/span><\/label><input type=\"text\" id=\"wpforms-18497-field_24\" class=\"wpforms-field-medium wpforms-field-required\" name=\"wpforms[fields][24]\" aria-errormessage=\"wpforms-18497-field_24-error\" aria-describedby=\"wpforms-18497-field_24-description\" required><div id=\"wpforms-18497-field_24-description\" class=\"wpforms-field-description\">Postleitzahl, Ort<\/div><\/div><div id=\"wpforms-18497-field_1-container\" class=\"wpforms-field wpforms-field-email\" data-field-id=\"1\"><label class=\"wpforms-field-label\" for=\"wpforms-18497-field_1\">E-Mail: <span class=\"wpforms-required-label\" aria-hidden=\"true\">*<\/span><\/label><input type=\"email\" id=\"wpforms-18497-field_1\" class=\"wpforms-field-medium wpforms-field-required\" name=\"wpforms[fields][1]\" spellcheck=\"false\" aria-errormessage=\"wpforms-18497-field_1-error\" required><\/div><div id=\"wpforms-18497-field_17-container\" class=\"wpforms-field wpforms-field-text\" data-field-id=\"17\"><label class=\"wpforms-field-label\" for=\"wpforms-18497-field_17\">Telefonnummer <span class=\"wpforms-required-label\" aria-hidden=\"true\">*<\/span><\/label><input type=\"text\" id=\"wpforms-18497-field_17\" class=\"wpforms-field-medium wpforms-field-required\" name=\"wpforms[fields][17]\" aria-errormessage=\"wpforms-18497-field_17-error\" required><\/div><div id=\"wpforms-18497-field_33-container\" class=\"wpforms-field wpforms-field-select wpforms-field-select-style-classic\" data-field-id=\"33\"><label class=\"wpforms-field-label\" for=\"wpforms-18497-field_33\">Art der Mitgliedschaft: <span class=\"wpforms-required-label\" aria-hidden=\"true\">*<\/span><\/label><select id=\"wpforms-18497-field_33\" class=\"wpforms-field-medium wpforms-field-required\" name=\"wpforms[fields][33]\" required=\"required\"><option value=\"Erwachsene\/r (EUR 170,-)\"  class=\"choice-1 depth-1\"  >Erwachsene\/r (EUR 170,-)<\/option><option value=\"Kind (EUR 100,-)\"  class=\"choice-2 depth-1\"  >Kind (EUR 100,-)<\/option><option value=\"Hobbyspieler\/in (EUR 90,-)\"  class=\"choice-4 depth-1\"  >Hobbyspieler\/in (EUR 90,-)<\/option><option value=\"Unterst\u00fctzendes Mitglied (individueller Betrag)\"  class=\"choice-3 depth-1\"  >Unterst\u00fctzendes Mitglied (individueller Betrag)<\/option><\/select><div id=\"wpforms-18497-field_33-description\" class=\"wpforms-field-description\">Bitte Variante ausw\u00e4hlen.<\/div><\/div><div id=\"wpforms-18497-field_26-container\" class=\"wpforms-field wpforms-field-select wpforms-field-select-style-classic\" data-field-id=\"26\"><label class=\"wpforms-field-label\" for=\"wpforms-18497-field_26\">Ich m\u00f6chte den Mitgliedsbeitrag wie folgt bezahlen: <span class=\"wpforms-required-label\" aria-hidden=\"true\">*<\/span><\/label><select id=\"wpforms-18497-field_26\" class=\"wpforms-field-medium wpforms-field-required\" name=\"wpforms[fields][26]\" required=\"required\"><option value=\"Einziehungsauftrag\"  class=\"choice-1 depth-1\"  >Einziehungsauftrag<\/option><option value=\"Ich \u00fcberweise selbst\"  class=\"choice-2 depth-1\"  >Ich \u00fcberweise selbst<\/option><\/select><div id=\"wpforms-18497-field_26-description\" class=\"wpforms-field-description\">Kontodaten: Volleyballclub UNION RAIKA, IBAN: AT40 3247 7000 0020 7274, Raiffeisenbank Region Schallaburg<\/div><\/div><div id=\"wpforms-18497-field_15-container\" class=\"wpforms-field wpforms-field-checkbox\" data-field-id=\"15\"><fieldset><legend class=\"wpforms-field-label\">Einwilligungserkl\u00e4rung: <span class=\"wpforms-required-label\" aria-hidden=\"true\">*<\/span><\/legend><ul id=\"wpforms-18497-field_15\" class=\"wpforms-field-required\"><li class=\"choice-1 depth-1\"><input type=\"checkbox\" id=\"wpforms-18497-field_15_1\" name=\"wpforms[fields][15][]\" value=\"Ich bin mit der Datenweitergabe zum Zwecke der Sportaus\u00fcbung einverstanden.\" aria-errormessage=\"wpforms-18497-field_15_1-error\" aria-describedby=\"wpforms-18497-field_15-description\" required ><label class=\"wpforms-field-label-inline\" for=\"wpforms-18497-field_15_1\">Ich bin mit der Datenweitergabe zum Zwecke der Sportaus\u00fcbung einverstanden.<\/label><\/li><\/ul><div id=\"wpforms-18497-field_15-description\" class=\"wpforms-field-description wpforms-disclaimer-description\">Information zur Datenweitergabe an Fach- bzw. Dachverb\u00e4nde:<br \/>\nIch nehme zur Kenntnis, dass im Falle der Teilnahme an Wettk\u00e4mpfen eine \u00dcbermittlung personenbezogener Daten an Fach- bzw. Dachverb\u00e4nde zur Abwicklung dieser Wettk\u00e4mpfe gegebenenfalls erforderlich sein kann.<br \/>\nDaru\u0308ber hinaus erkl\u00e4re ich mich damit einverstanden, dass die mit diesem Formular erhobenen Daten zu den in der Datenschutzerkl\u00e4rung\/in den Informationen u\u0308ber die Verwendung personenbezogener Daten (siehe unten!) angefu\u0308hrten Zwecken auch an die:<br \/>\nNieder\u00f6sterreichische Volleyballverband (N\u00d6VV), Weinzierlbergstra\u00dfe 9, 3500 Krems weitergegeben werden du\u0308rfen.<br \/>\nEin Widerruf ist jederzeit mit Wirkung fu\u0308r die Zukunft per E-Mail an bernhard.heinreichsberger@volleyballkilb.at, per Brief an den Vereinssitz, Alter Markt 3\/1, 3233 Kilb m\u00f6glich. Ich nehme zur Kenntnis, dass der Widerruf der Zustimmung der Datenweitergabe den Ausschluss von diversen Veranstaltungen, Wettk\u00e4mpfen und auch Trainingseinheiten\/Trainingslagern oder Ausbildungen bedeuten kann, insbesondere wenn es sich bei diesen um Veranstaltungen der Landes- bzw. Bundesfach- oder Dachverb\u00e4nde handelt. Ich nehme ferner zur Kenntnis, dass bei einem allf\u00e4lligen Widerruf Einschr\u00e4nkungen bei der Ausu\u0308bung eines Wettkampf- bzw. Leistungssports wahrscheinlich sind, da die Datenweitergabe hierfu\u0308r eine Voraussetzung darstellt.<\/div><\/fieldset><\/div><div id=\"wpforms-18497-field_29-container\" class=\"wpforms-field wpforms-field-checkbox\" data-field-id=\"29\"><fieldset><legend class=\"wpforms-field-label\">Einverst\u00e4ndniserkl\u00e4rung Newsletter:<\/legend><ul id=\"wpforms-18497-field_29\"><li class=\"choice-1 depth-1\"><input type=\"checkbox\" id=\"wpforms-18497-field_29_1\" name=\"wpforms[fields][29][]\" value=\"Bitte schickt mir regelm\u00e4\u00dfig Infos \u00fcber den VCU Raika Kilb\" aria-errormessage=\"wpforms-18497-field_29_1-error\" aria-describedby=\"wpforms-18497-field_29-description\"  ><label class=\"wpforms-field-label-inline\" for=\"wpforms-18497-field_29_1\">Bitte schickt mir regelm\u00e4\u00dfig Infos \u00fcber den VCU Raika Kilb<\/label><\/li><\/ul><div id=\"wpforms-18497-field_29-description\" class=\"wpforms-field-description wpforms-disclaimer-description\">Unser Newsletter informiert Sie u\u0308ber das Vereinsgeschehen und das Sportprogramm, gibt Informationen u\u0308ber Vereinsangebote, Kurse, Sportwochen und Sportfeste, sowie Nu\u0308tzliches und Wissenswertes zu den Themen Sport, Gesundheit und gesundem Lebensstil. Die Vereinsmitgliedschaft ist nicht an den Bezug des Newsletters gebunden! Der Versand des Newsletters erfolgt auf elektronischem Wege an die bekannt gegebene E-Mail-Adresse. Frequenz des Versands: ca. 4 Mal pro Jahr. Der Verein beh\u00e4lt sich ferner das Recht vor, von einem Newsletter, ohne Angaben von Gru\u0308nden, abzusehen. Eine Abbestellung ist jederzeit formlos mit Wirkung fu\u0308r die Zukunft per E-Mail an bernhard.heinreichsberger@volleyballkilb.at, per Brief an den Vereinssitz, Alter Markt 3\/1, 3233 Kilb, m\u00f6glich.<br \/>\nIch m\u00f6chte mit aktuellen Informationen u\u0308ber den Verein VCU Raika Kilb per E-Mail-Newsletter versorgt werden und stimme der Verwendung meines Vor- und Nachnamens, meines Geschlechts und meiner E-Mail-Adresse zu den angefu\u0308hrten Zwecken zu:<\/div><\/fieldset><\/div><div id=\"wpforms-18497-field_30-container\" class=\"wpforms-field wpforms-field-checkbox\" data-field-id=\"30\"><fieldset><legend class=\"wpforms-field-label\">Nutzung Bild-\/Foto-\/Videoaufnahmen: <span class=\"wpforms-required-label\" aria-hidden=\"true\">*<\/span><\/legend><ul id=\"wpforms-18497-field_30\" class=\"wpforms-field-required\"><li class=\"choice-1 depth-1\"><input type=\"checkbox\" id=\"wpforms-18497-field_30_1\" name=\"wpforms[fields][30][]\" value=\"Ich bin damit einverstanden\" aria-errormessage=\"wpforms-18497-field_30_1-error\" aria-describedby=\"wpforms-18497-field_30-description\" required ><label class=\"wpforms-field-label-inline\" for=\"wpforms-18497-field_30_1\">Ich bin damit einverstanden<\/label><\/li><\/ul><div id=\"wpforms-18497-field_30-description\" class=\"wpforms-field-description wpforms-disclaimer-description\">Hiermit erkl\u00e4re ich mich damit einverstanden, dass w\u00e4hrend der Sport- bzw. Wettkampfausu\u0308bung Foto- bzw. Videoaufnahmen von mir zum Zweck der \u00d6ffentlichkeitsarbeit des Vereins angefertigt, zu diesem Zweck eingesetzt und via Live-Stream (\u00dcbertragung u\u0308ber das Internet zum Zeitpunkt der Aufnahmen, keine Speicherung), via Internet (jederzeit weltweit durch jedermann abrufbar) und in sozialen Medien (jederzeit weltweit durch jedermann abrufbar) ver\u00f6ffentlicht werden.<br \/>\nAus dieser Zustimmung leite ich keine Rechte (z.B. Entgelt) ab. Diese Einverst\u00e4ndniserkl\u00e4rung ist jederzeit mit Wirkung fu\u0308r die Zukunft per E-Mail an bernhard.heinreichsberger@volleyballkilb.at, per Brief an den Vereinssitz, Alter Markt 3\/1, 3233 Kilb widerrufbar. Im Falle des Widerrufs werden die Aufnahmen von der jeweiligen Plattform entfernt. Waren die Aufnahmen im Internet verfu\u0308gbar, erfolgt die Entfernung, soweit sie den Verfu\u0308gungsm\u00f6glichkeiten des Vereins unterliegen.<\/div><\/fieldset><\/div><div id=\"wpforms-18497-field_31-container\" class=\"wpforms-field wpforms-field-checkbox\" data-field-id=\"31\"><fieldset><legend class=\"wpforms-field-label\">Information u\u0308ber die Verwendung personenbezogener Daten\/Datenschutzerkl\u00e4rung: <span class=\"wpforms-required-label\" aria-hidden=\"true\">*<\/span><\/legend><ul id=\"wpforms-18497-field_31\" class=\"wpforms-field-required\"><li class=\"choice-1 depth-1\"><input type=\"checkbox\" id=\"wpforms-18497-field_31_1\" name=\"wpforms[fields][31][]\" value=\"Ich bin mit den Mitgliedsbedingungen einverstanden\" aria-errormessage=\"wpforms-18497-field_31_1-error\" aria-describedby=\"wpforms-18497-field_31-description\" required ><label class=\"wpforms-field-label-inline\" for=\"wpforms-18497-field_31_1\">Ich bin mit den Mitgliedsbedingungen einverstanden<\/label><\/li><\/ul><div id=\"wpforms-18497-field_31-description\" class=\"wpforms-field-description wpforms-disclaimer-description\">Mit meiner Unterschrift nehme ich zur Kenntnis, dass meine personenbezogenen Daten (Vorname, Nachname, fallweise Vor- und Nachname des\/der Erziehungsberechtige(n), Geburtsdatum, Geschlecht, Adresse, PLZ, Ort, Telefonnummer, E-Mail-Adresse, Eintrittsdatum, Tarifklasse\/Sparte, eventuell Funktion) auf vertraglicher Grundlage (Mitgliedschaft) innerhalb des Vereins elektronisch und manuell verarbeitet werden. Die Zwecke der Verarbeitung sind: sportliche, organisatorische und fachliche Administration und finanzielle Abwicklung, Mitgliederverwaltung, Zusendung von Vereins- und Verbandsinformationen, Informationen zu Veranstaltungen, zur gew\u00e4hlten Sparte\/Sportart bzw. der belegten \u00dcbungseinheit und Einladungen sowie Versand der Vereinszeitschrift und des Sportprogramms.<br \/>\nDer Verein VCU Raika Kilb, Alter Markt 3\/1, 3233 Kilb, Tel. 0664\/75027125, (Obmann Bernhard Heinreichsberger) ist Verantwortlicher fu\u0308r die hier dargelegten Verarbeitungst\u00e4tigkeiten. Die Bereitstellung meiner Daten ist zur Erfu\u0308llung des Vereinszwecks gem\u00e4\u00df Statuten erforderlich, bei Nichtbereitstellung ist eine Mitgliedschaft zum Verein nicht m\u00f6glich.<br \/>\nPersonenbezogene Daten finden vom Verein nur fu\u0308r die dargelegten Zwecke Verwendung. Bei Vereinsaustritt werden alle Daten \u2013 sofern kein Ru\u0308ckstand an Zahlungen seitens des Mitglieds besteht, die Daten auch nicht zur Geltendmachung, Ausu\u0308bung oder Verteidigung von Rechtsanspru\u0308chen des Vereins ben\u00f6tigt werden und keine l\u00e4ngere Aufbewahrung der Daten gesetzlich angeordnet ist, sp\u00e4testens binnen eines Jahres ab Austritt gel\u00f6scht.<br \/>\nMeine Daten k\u00f6nnen im Falle der von mir ge\u00e4u\u00dferten Einwilligung zur Datenweitergabe an Dach- und Fachverb\u00e4nde an diese weitergeleitet werden. Die Verarbeitungszwecke bei Dachverb\u00e4nden erstrecken sich auf<br \/>\ndie rechtliche, steuerliche, administrative Unterstu\u0308tzung des Vereins, die Abwicklung von gemeinsam Projekten und Veranstaltungen, auf die Durchfu\u0308hrung von Kursen und Fortbildungen, auf Unterstu\u0308tzung und Zusammenarbeit in Bereich \u00d6ffentlichkeitsarbeit und vieles mehr. Die Datenverarbeitungen auf Ebene von Fachverb\u00e4nden stehen im direkten Zusammenhang mit der\/den von mir ausgeu\u0308bten Sportart(en) und reichen von der administrativen Unterstu\u0308tzung des Vereins, der Veranstaltungs- und Wettkampforganisation, der direkten Zusammenarbeit mit dem einzelnen Vereinsmitglied bis hin zur Kooperation mit nationalen und internationalen Einrichtungen und Verb\u00e4nden insbesondere bei der Ausu\u0308bung von Wettkampf- und Leistungssport.<br \/>\nMeine Rechte im Zusammenhang mit datenschutzrechtlichen Vorschriften erstrecken sich auf das Recht auf Auskunft, Berichtigung, L\u00f6schung, Einschr\u00e4nkung, Datenu\u0308bertragbarkeit und Widerspruch in die Verarbeitung. Des Weiteren habe ich ein Beschwerderecht bei der Datenschutzbeh\u00f6rde - u\u0308ber alle diese Aspekte gibt der Datenschutzverantwortliche Bernhard Heinreichsberger n\u00e4her Auskunft - bernhard.heinreichsberger@volleyballkilb.at.<br \/>\nAllgemein: Ich akzeptiere mit dem Absenden dieses Formulares die Statuten des VCU Raika Kilb. Die vollst\u00e4ndigen Bestimmungen sind beim Obmann zu beziehen. Ich erhalte auf Wunsch eine Kopie dieser Vereinsanmeldung nach dem Anmeldevorgang.<br \/>\nDie Mitgliedschaft l\u00e4uft unbefristet und kann jederzeit geku\u0308ndigt werden.<br \/>\nHiermit melde ich mich verbindlich bei VCU Raika Kilb als Vereinsmitglied an.<\/div><\/fieldset><\/div><\/div><!-- .wpforms-field-container --><div class=\"wpforms-recaptcha-container wpforms-is-recaptcha wpforms-is-recaptcha-type-v2\" ><div class=\"g-recaptcha\" data-sitekey=\"6LeP89QoAAAAAHv3rfpgDB0Lwp8EloDUku2J2dRs\"><\/div><input type=\"text\" name=\"g-recaptcha-hidden\" class=\"wpforms-recaptcha-hidden\" style=\"position:absolute!important;clip:rect(0,0,0,0)!important;height:1px!important;width:1px!important;border:0!important;overflow:hidden!important;padding:0!important;margin:0!important;\" data-rule-recaptcha=\"1\"><\/div><div class=\"wpforms-submit-container\" ><input type=\"hidden\" name=\"wpforms[id]\" value=\"18497\"><input type=\"hidden\" name=\"page_title\" value=\"\"><input type=\"hidden\" name=\"page_url\" value=\"https:\/\/www.volleyballkilb.at\/index.php?rest_route=\/wp\/v2\/pages\/18508\"><input type=\"hidden\" name=\"url_referer\" value=\"\"><button type=\"submit\" name=\"wpforms[submit]\" id=\"wpforms-submit-18497\" class=\"wpforms-submit\" data-alt-text=\"Wird gesendet...\" data-submit-text=\"Absenden\" aria-live=\"assertive\" value=\"wpforms-submit\">Absenden<\/button><img loading=\"lazy\" decoding=\"async\" src=\"https:\/\/www.volleyballkilb.at\/wp-content\/plugins\/wpforms-lite\/assets\/images\/submit-spin.svg\" class=\"wpforms-submit-spinner\" style=\"display: none;\" width=\"26\" height=\"26\" alt=\"Wird geladen\"><\/div><\/form><\/div>  <!-- .wpforms-container -->\n\n\n\n<p><\/p>\n\n\n\n<p>Mitgliedsbeitrag hier einzahlen:<\/p>\n\n\n\n<p>Raiffeisenbank Region Schallaburg<br>Kontoinhaber: VCU Raika Kilb<br>IBAN: AT40 3247 7000 0020 7274<\/p>\n\n\n\n<p>oder <a href=\"https:\/\/www.volleyballkilb.at\/wp-content\/uploads\/2021\/10\/SEPA-Mandat.pdf\" target=\"_blank\" rel=\"noreferrer noopener\">SEPA-Lastschrift <\/a>ausf\u00fcllen und bequem abbuchen lassen.<\/p>\n\n\n\n<p><\/p>\n","protected":false},"excerpt":{"rendered":"<p>Du hast dein Interesse an Volleyball entdeckt oder m\u00f6chtest wieder Beginnen. Dann werde Mitglied beim VCU Raika Kilb. Wir freuen uns, neue Vereinsmitglieder begr\u00fc\u00dfen zu d\u00fcrfen. Der Vereinseintritt ist das ganze Jahr \u00fcber m\u00f6glich. So einfach gehts: Mitgliedsbeitrag hier einzahlen: Raiffeisenbank Region SchallaburgKontoinhaber: VCU Raika KilbIBAN: AT40 3247 7000 0020 7274 oder SEPA-Lastschrift ausf\u00fcllen und &hellip; <\/p>\n<p><a class=\"more-link btn\" href=\"https:\/\/www.volleyballkilb.at\/?page_id=18508\">Weiterlesen<\/a><\/p>\n","protected":false},"author":2,"featured_media":0,"parent":11,"menu_order":5,"comment_status":"closed","ping_status":"closed","template":"","meta":{"footnotes":""},"class_list":["post-18508","page","type-page","status-publish","hentry","nodate","item-wrap"],"_links":{"self":[{"href":"https:\/\/www.volleyballkilb.at\/index.php?rest_route=\/wp\/v2\/pages\/18508","targetHints":{"allow":["GET"]}}],"collection":[{"href":"https:\/\/www.volleyballkilb.at\/index.php?rest_route=\/wp\/v2\/pages"}],"about":[{"href":"https:\/\/www.volleyballkilb.at\/index.php?rest_route=\/wp\/v2\/types\/page"}],"author":[{"embeddable":true,"href":"https:\/\/www.volleyballkilb.at\/index.php?rest_route=\/wp\/v2\/users\/2"}],"replies":[{"embeddable":true,"href":"https:\/\/www.volleyballkilb.at\/index.php?rest_route=%2Fwp%2Fv2%2Fcomments&post=18508"}],"version-history":[{"count":3,"href":"https:\/\/www.volleyballkilb.at\/index.php?rest_route=\/wp\/v2\/pages\/18508\/revisions"}],"predecessor-version":[{"id":18516,"href":"https:\/\/www.volleyballkilb.at\/index.php?rest_route=\/wp\/v2\/pages\/18508\/revisions\/18516"}],"up":[{"embeddable":true,"href":"https:\/\/www.volleyballkilb.at\/index.php?rest_route=\/wp\/v2\/pages\/11"}],"wp:attachment":[{"href":"https:\/\/www.volleyballkilb.at\/index.php?rest_route=%2Fwp%2Fv2%2Fmedia&parent=18508"}],"curies":[{"name":"wp","href":"https:\/\/api.w.org\/{rel}","templated":true}]}}