{"id":408,"date":"2017-09-25T13:21:47","date_gmt":"2017-09-25T11:21:47","guid":{"rendered":"http:\/\/www.volleyballkilb.at\/?page_id=408"},"modified":"2024-02-15T14:32:20","modified_gmt":"2024-02-15T13:32:20","slug":"allgemeines","status":"publish","type":"page","link":"https:\/\/www.volleyballkilb.at\/?page_id=408","title":{"rendered":"Allgemeines"},"content":{"rendered":"\n<h3 class=\"wp-block-heading\">Allgemeines<\/h3>\n\n\n\n<p>In Kilb gibt es viele Freizeitangebote und M\u00f6glichkeiten sich sportlich zu bet\u00e4tigen.<\/p>\n\n\n\n<p>Volleyball Spielen ist eine davon. Dieser Ballsport stammt urspr\u00fcnglich aus Amerika und wurde seit Beginn des 20. Jahrhunderts auch in Europa immer beliebter und weiterentwickelt. Das 18x9m gro\u00dfe Spielfeld wird durch ein Netz in der Mitte getrennt und Ziel des Spieles ist es den Volleyball in das gegnerische Feld zu schlagen oder die Gegner zu einem Fehler zu zwingen. Es sind pro Mannschaft 6 Spieler am Spielfeld positioniert.<\/p>\n\n\n\n<p>In Kilb besteht seit \u00fcber 40 Jahren die M\u00f6glichkeit diesen Sport in einem Verein auszu\u00fcben. Der VCU Raika Kilb konnte in der Vergangenheit schon einige Erfolge erzielen. Es z\u00e4hlen dazu Teilnahmen bei einigen Jugendmeisterschaften, Landesmeistertitel und Erfahrung als Bundesligamannschaft.<\/p>\n\n\n\n<p>Der VCU Raika Kilb freut sich \u00fcber jeden Volleyballinteressierten, der Lust hat mit zu trainieren und in der Meisterschaft um jeden Sieg zu k\u00e4mpfen.<\/p>\n\n\n\n<h4 class=\"wp-block-heading\"><strong>Unsere Erfolge:<\/strong><\/h4>\n\n\n\n<p>16facher Landesmeister<br>3 Jahre Herren Bundesliga<br>Vize-Staatsmeister Jugend weiblich 1990<br>Platz Bundesmeisterschaften Sch\u00fcler m\u00e4nnlich 1989<br>Platz Bundesmeisterschaften Jugend m\u00e4nnlich 1991<br>Zahlreiche N\u00d6- und \u00d6-Kaderspieler<br>Erfolgreichster VCU-Spieler: Harri Mayer (Nationalteamspieler, Ex-Donaukraftspieler, Ex-SokolVspieler)<\/p>\n\n\n\n<p><\/p>\n\n\n\n<h4 class=\"wp-block-heading\"><strong>Kontakt:<\/strong><\/h4>\n\n\n\n<p>Telefon <a href=\"tel:+4366475027125\" data-type=\"tel\" data-id=\"tel:+4366475027125\">0664\/75027125<\/a><br>Mail: <a href=\"mailto:bernhard.heinreichsberger@volleyballkilb.at\" target=\"_blank\" rel=\"noreferrer noopener\">bernhard.heinreichsberger@volleyballkilb.at<\/a><\/p>\n\n\n\n<h4 class=\"wp-block-heading\">Postadresse:<\/h4>\n\n\n\n<p>Bernhard Heinreichsberger<br>Alter Markt 3\/1<br>3233 Kilb<\/p>\n","protected":false},"excerpt":{"rendered":"<p>Allgemeines In Kilb gibt es viele Freizeitangebote und M\u00f6glichkeiten sich sportlich zu bet\u00e4tigen. Volleyball Spielen ist eine davon. Dieser Ballsport stammt urspr\u00fcnglich aus Amerika und wurde seit Beginn des 20. Jahrhunderts auch in Europa immer beliebter und weiterentwickelt. Das 18x9m gro\u00dfe Spielfeld wird durch ein Netz in der Mitte getrennt und Ziel des Spieles ist &hellip; <\/p>\n<p><a class=\"more-link btn\" href=\"https:\/\/www.volleyballkilb.at\/?page_id=408\">Weiterlesen<\/a><\/p>\n","protected":false},"author":2,"featured_media":0,"parent":11,"menu_order":1,"comment_status":"closed","ping_status":"closed","template":"","meta":{"footnotes":""},"class_list":["post-408","page","type-page","status-publish","hentry","nodate","item-wrap"],"_links":{"self":[{"href":"https:\/\/www.volleyballkilb.at\/index.php?rest_route=\/wp\/v2\/pages\/408","targetHints":{"allow":["GET"]}}],"collection":[{"href":"https:\/\/www.volleyballkilb.at\/index.php?rest_route=\/wp\/v2\/pages"}],"about":[{"href":"https:\/\/www.volleyballkilb.at\/index.php?rest_route=\/wp\/v2\/types\/page"}],"author":[{"embeddable":true,"href":"https:\/\/www.volleyballkilb.at\/index.php?rest_route=\/wp\/v2\/users\/2"}],"replies":[{"embeddable":true,"href":"https:\/\/www.volleyballkilb.at\/index.php?rest_route=%2Fwp%2Fv2%2Fcomments&post=408"}],"version-history":[{"count":5,"href":"https:\/\/www.volleyballkilb.at\/index.php?rest_route=\/wp\/v2\/pages\/408\/revisions"}],"predecessor-version":[{"id":18613,"href":"https:\/\/www.volleyballkilb.at\/index.php?rest_route=\/wp\/v2\/pages\/408\/revisions\/18613"}],"up":[{"embeddable":true,"href":"https:\/\/www.volleyballkilb.at\/index.php?rest_route=\/wp\/v2\/pages\/11"}],"wp:attachment":[{"href":"https:\/\/www.volleyballkilb.at\/index.php?rest_route=%2Fwp%2Fv2%2Fmedia&parent=408"}],"curies":[{"name":"wp","href":"https:\/\/api.w.org\/{rel}","templated":true}]}}